1 + 80a?
-bc4
In base 4, what is -3230133232 + 0?
-3230133232
In base 10, what is -2180 - -10?
-2170
In base 7, what is -215441 - 46?
-215520
In base 8, what is 0 + 260373?
260373
In base 3, what is -1211002221201 - -10?
-1211002221121
In base 9, what is 24515 - -5?
24521
In base 6, what is 51 - 2103301?
-2103210
In base 10, what is 146 + 43?
189
In base 11, what is aa + 21?
120
In base 9, what is 0 - -437645?
437645
In base 2, what is -10111101101011 + 100010?
-10111101001001
In base 7, what is -2 + 623430?
623425
In base 7, what is -16646 - -2?
-16644
In base 11, what is -14908 - 6?
-14913
In base 3, what is -12 - 11210000022?
-11210000111
In base 13, what is 1 + -192b?
-192a
In base 10, what is 148 - -422?
570
In base 4, what is 3202 - -2300?
12102
In base 7, what is 1354 - 451?
603
In base 9, what is 55643 + 30?
55673
In base 8, what is 266474 + 2?
266476
In base 9, what is 0 + -22575?
-22575
In base 5, what is -3201323 - -3?
-3201320
In base 16, what is a4 - -c64?
d08
In base 12, what is -6937a - 1?
-6937b
In base 5, what is 413123 - 11?
413112
In base 12, what is 2a - 156?
-128
In base 10, what is 107731 - -8?
107739
In base 11, what is -7a7 + -80?
-877
In base 6, what is -2 - 1552425?
-1552431
In base 10, what is 5 + -11810?
-11805
In base 9, what is 2627 + -3?
2624
In base 15, what is -2ea58 - -2?
-2ea56
In base 12, what is 5 - b5a2?
-b599
In base 14, what is b50 - 4?
b4a
In base 14, what is -165c9 - 4?
-165cd
In base 4, what is -10 + 1223332?
1223322
In base 7, what is -5 - 13326156?
-13326164
In base 10, what is -2 + 76603?
76601
In base 8, what is 5347 + 45?
5414
In base 11, what is -a65 + -41?
-aa6
In base 3, what is -111 - 20120022?
-20120210
In base 6, what is 1024 - -4235?
5303
In base 8, what is -346634 - -2?
-346632
In base 11, what is -2 + -59426?
-59428
In base 9, what is -4 + -24130?
-24134
In base 5, what is -4002 + 32?
-3420
In base 11, what is -3 + 6515?
6512
In base 5, what is 10 + -4401?
-4341
In base 7, what is 3 + 1640424?
1640430
In base 2, what is 111010010011 + -10110111?
110111011100
In base 3, what is -10220010221 - -11?
-10220010210
In base 14, what is -3d0b5 + 5?
-3d0b0
In base 7, what is 634455 - 2?
634453
In base 7, what is 31153 - 5?
31145
In base 16, what is 3ce5 - -7?
3cec
In base 13, what is 5c5 + -35?
590
In base 8, what is -4 - -1104?
1100
In base 12, what is 4 + -32371?
-32369
In base 14, what is -7 + 1304b?
13044
In base 16, what is -5 + -32d92?
-32d97
In base 3, what is -1 + -220?
-221
In base 9, what is -3118338 - -1?
-3118337
In base 11, what is 237 - -5?
241
In base 7, what is 63450111 - 3?
63450105
In base 8, what is -3 + -45130?
-45133
In base 2, what is 100101111100010 - -101111?
100110000010001
In base 15, what is 5 + -dcc?
-dc7
In base 9, what is -151686 - 5?
-151702
In base 16, what is 207 - e?
1f9
In base 12, what is -a5225 - -1?
-a5224
In base 3, what is 101 - -210011012?
210011120
In base 10, what is -1 - -11053?
11052
In base 12, what is -3 + -153304?
-153307
In base 11, what is -478 + 14?
-464
In base 4, what is 3331 - 3330?
1
In base 7, what is -135442 - -213?
-135226
In base 11, what is -178a + -1078?
-2857
In base 8, what is 4105420 - 5?
4105413
In base 6, what is 10211 - 14?
10153
In base 16, what is -f815 + 5?
-f810
In base 11, what is 5 - a7a66?
-a7a61
In base 2, what is -100111011110100001 + -10?
-100111011110100011
In base 8, what is 14246 - -153?
14421
In base 10, what is 227 + -167?
60
In base 6, what is -5 + 25225?
25220
In base 7, what is 501040 + 0?
501040
In base 9, what is 0 + -162325?
-162325
In base 6, what is -2003002 - 103?
-2003105
In base 16, what is 287b + 5?
2880
In base 3, what is -1100 + 2011220?
2010120
In base 3, what is 12 + 2021212220?
2021220002
In base 7, what is 25360 + -10?
25350
In base 11, what is 7 - 6463?
-6457
In base 4, what is -3300321 + 31?
-3300230
In base 4, what is -113310 - 13020?
-132330
In base 16, what is 6878 - -7?
687f
In base 10, what is 198 + 131?
329
In base 11, what is -56040 + 0?
-56040
In base 13, what is 21 + 1bc1?
1c12
In base 16, what is -c + -13a0b?
-13a17
In base 9, what is 118 - -305?
424
In base 2, what is 100100001 - -10101101011?
11010001100
In base 12, what is -11b4 + 7?
-11a9
In base 14, what is -4908d + -3?
-49092
In base 15, what is 3cd - 64?
369
In base 16, what is 19a - d2?
c8
In base 4, what is -312121 - 2211?
-320332
In base 10, what is -199 + -7?
-206
In base 9, what is 353 - -368?
732
In base 9, what is -1463 + -4?
-1467
In base 8, what is -33655 - -1?
-33654
In base 10, what is -140091 - 5?
-140096
In base 4, what is -10121032232 - -11?
-10121032221
In base 15, what is 4 - 16a2d?
-16a29
In base 11, what is -6011 - 45?
-6056
In base 7, what is 6 + -401431?
-401422
In base 11, what is 14a - 3083?
-2a34
In base 12, what is -2 + 2818?
2816
In base 10, what is 113 - -5165?
5278
In base 5, what is 1 - 113131?
-113130
In base 12, what is 480b - -9?
4818
In base 15, what is 0 - -db7?
db7
In base 11, what is 956663 - -5?
956668
In base 3, what is 22000220212 - -12?
22000221001
In base 11, what is -6466 - 230?
-6696
In base 14, what is -34483 - -1?
-34482
In base 2, what is 101001 + -11001001000?
-11000011111
In base 7, what is -13 + 215126?
215113
In base 9, what is -617 - -16?
-601
In base 11, what is -3 - 40605?
-40608
In base 10, what is -5 + 379416?
379411
In base 10, what is -7865 + 10?
-7855
In base 11, what is 16 - -938?
953
In base 14, what is -a97d + 6?
-a977
In base 9, what is -15 - -225041?
225025
In base 2, what is 100001010111111000 - -101?
100001010111111101
In base 4, what is 203 - -1231233?
1232102
In base 15, what is 0 + -4365?
-4365
In base 4, what is 131023031 - -10?
131023101
In base 7, what is 1 - -35156?
35160
In base 6, what is -44325 + 110?
-44215
In base 12, what is -3 - 1a21?
-1a24
In base 13, what is 794 - 3?
791
In base 14, what is 5 - 15a83?
-15a7c
In base 12, what is 225b7 - 5?
225b2
In base 10, what is 41 + -114?
-73
In base 12, what is 608 + a1?
6a9
In base 2, what is -11110001010101 + -100?
-11110001011001
In base 12, what is 5 + a130?
a135
In base 15, what is -2b42 + -11b?
-2c5d
In base 7, what is 3 - -16410?
16413
In base 2, what is 100011110100 - -10011?
100100000111
In base 9, what is -83 - -2414?
2321
In base 14, what is -12 + 1863?
1851
In base 16, what is 5 + -5762?
-575d
In base 7, what is -21 + -236211?
-236232
In base 4, what is 231 + -321231?
-321000
In base 8, what is 12034423 - 4?
12034417
In base 5, what is 201 + 14004?
14210
In base 15, what is 2a5 - -12d?
3d3
In base 4, what is -210 + 1133122?
1132312
In base 7, what is 211566 - -214?
212113
In base 13, what is -193 - -61?
-132
In base 14, what is -1 + 3760?
375d
In base 10, what is -775837 + 3?
-775834
In base 10, what is -8 - -11654?
11646
In base 12, what is 377 - 4?
373
In base 7, what is -46 - -20034?
16655
In base 6, what is -231554 + -12?
-232010
In base 2, what is -1 - 110111000101001000?
-110111000101001001
In base 7, what is -4 - 1232340?
-1232344
In base 9, what is 15 + 43262?
43277
In base 2, what is 100111001111 + 10011?
100111100010
In base 16, what is -2 - cbbc1?
-cbbc3
In base 3, what is 0 + -112110220101?
-112110220101
In base 6, what is 312 + 34433?
35145
In base 12, what is 3 - b0173?
-b0170
In base 4, what is 1023332313 - -2?
1023332321
In base 14, what is -13b693 + -b?
-13b6a0
In base 10, what is -131 + -382?
-513
In base 15, what is -1d0 + 7b6?
5d6
In base 13, what is -20 + 3a443?
3a423
In base 5, what is -334414 - 10?
-334424
In base 4, what is -3102231 - 101?
-3102332
In base 4, what is -222221 - -31?
-222130
In base 13, what is -36 + -50?
-86
In base 16, what is -66c6 + 3?
-66c3
In base 8, what is 21 + -60710?
-60667
In base 11, what is -32116 + 5?
-32111
In base 5, what is 10 + 101034304?
101034314
In base 14, what is 4629b - -5?
462a2
In base 10, what is 567433 - -3?
567436
In base 14, what is 10 - 14a52?
-14a42
In base 4, what is 121003 - -220?
121223
In base 9, what is 11 - -40251?
40262
In base 10, what is -4318 - 23?
-4341
In base 3, what is 21111022 - 100122?
21010200
In base 7, what is 34541066 - -2?
34541101
In base 9, what is 181430 - -3?
181433
In base 8, what is 763 + 15701?
16664
In base 4, what is 300303 + 21213?
322122
In base 13, what is -4 - 146a3?
-146a7
In base 15, what is 